{"id":726,"date":"2020-03-04T06:17:11","date_gmt":"2020-03-04T05:17:11","guid":{"rendered":"http:\/\/www.mgv-ruetli.de\/?page_id=726"},"modified":"2022-04-04T09:00:51","modified_gmt":"2022-04-04T07:00:51","slug":"datenschutzerklaerung","status":"publish","type":"page","link":"https:\/\/www.mgv-ruetli.de\/?page_id=726","title":{"rendered":"Datenschutzerkl\u00e4rung"},"content":{"rendered":"\n<p class=\"wp-block-paragraph\"><\/p>\n\n\n\n<p class=\"wp-block-paragraph\"> Der Verein MGV &#8222;R\u00fctli&#8220; Vordersteinenberg nimmt den Schutz personenbezogener Daten seiner Mitglieder und seiner  Partner ernst;  er  hat  durch  technische  und  organisatorische  Ma\u00dfnahmen sichergestellt,  dass  die  gesetzlichen  Vorschriften  \u00fcber  den  Datenschutz  sowohl  von ihm  als  auch  von  externen  Dienstleistern  beachtet  und  eingehalten  werden.  Die Beachtung   dieser   Verpflichtung   wird   vom   Verein   regelm\u00e4\u00dfig   kontrolliert.   Die Erhebung,  Verarbeitung,  Nutzung  und  Weitergabe  von  Daten  erfolgt  zum  einen  mit Einverst\u00e4ndnis  des  Dateninhabers,  andererseits  ausschlie\u00dflich  zum  Zweck  der Erf\u00fcllung  der  Pflichten  des  Vereins.  Die  Weitergabe  an  Dritte  erfolgt  nur  aus zwingenden  Gr\u00fcnden  und  im  Interesse  des  Vereins  und  seiner  Mitglieder.  Das betroffene Vereinsmitglied hat jederzeit die M\u00f6glichkeit, sich \u00fcber die Verwendung und den   Verbleib   seiner   gesch\u00fctzten   Daten   zu   informieren;   er   hat   Anspruch   auf Dokumentation  der  Einhaltung  datenschutzrechtlicher  Bestimmungen  in  Bezug  auf ihn.  Er  hat  das  Recht,  jederzeit  eine  erteilte  Einwilligung  zu  widerrufen  und  die L\u00f6schung seiner Daten zu verlangen, Art. 17 DS-GVO. <\/p>\n\n\n\n<p class=\"wp-block-paragraph\"> Partner     des     Vereins     und     Dritte     werden     durchdie     Einhaltung     der Datenschutzbestimmungen durch die Verantwortlichen des Vereins in gleicher Weise gesch\u00fctzt.  Es  findet  kein  Verkauf  oder  keine  unentgeltliche  Weitergabe  von  Daten Dritter  oder  Partner  des  Vereins  statt,  es  sei  denn,  es  l\u00e4ge  eine  entsprechende Einwilligung vor oder diese w\u00e4re zur Erf\u00fcllung des Vereinszwecks oder zur Erf\u00fcllung vertraglicher Verpflichtungen des Vereins erforderlich. <\/p>\n\n\n\n<p class=\"wp-block-paragraph\"> Bei  der  Einschaltung  externer  Dienstleister,  denen  personenbezogene  Daten  zur Verf\u00fcgung  gestellt  werden  m\u00fcssen,  ist  durch  Abschluss  eines  entsprechenden Vertrages  sichergestellt,  dass  die  Datenschutzbestimmungen  in  gleicher  Weise  wie beim Verein auch vom beauftragten Unternehmen eingehalten werden.  <\/p>\n\n\n\n<p class=\"wp-block-paragraph\">Im  Fall  des  Widerrufs  oder  der  Anzeige  von  falsch  erhobenen  Daten  werden  diese sofort   gel\u00f6scht,   Art.   21,   18   DS-GVO.   Auf   das   Beschwerderecht   bei   einer Datenschutzaufsichtsbeh\u00f6rde (Art. 77 DS-GVO i. V. m. \u00a7 19 BDSG) wird ausdr\u00fccklich hingewiesen.  F\u00fcr  uns  zust\u00e4ndig  ist  der  Landesbeauftragte f\u00fcr  den Datenschutz  und die Informationsfreiheit Baden-W\u00fcrttemberg, K\u00f6nigstra\u00dfe 10a, 70173 Stuttgart.  <\/p>\n\n\n\n<p class=\"wp-block-paragraph\">F\u00fcr  Datenschutz  und  Datenverarbeitung  in  unserem  Verein  verantwortlich: <\/p>\n\n\n\n<p class=\"wp-block-paragraph\">Klaus Hirzel<br>73553 Alfdorf-Greuthof<\/p>\n","protected":false},"excerpt":{"rendered":"<p>Der Verein MGV &#8222;R\u00fctli&#8220; Vordersteinenberg nimmt den Schutz personenbezogener Daten seiner Mitglieder und seiner Partner ernst; er hat durch technische und organisatorische Ma\u00dfnahmen sichergestellt, dass die gesetzlichen Vorschriften \u00fcber den Datenschutz sowohl von ihm als auch von externen Dienstleistern beachtet und eingehalten werden. Die Beachtung dieser Verpflichtung wird vom Verein regelm\u00e4\u00dfig kontrolliert. Die Erhebung, Verarbeitung, [&hellip;]<\/p>\n","protected":false},"author":3,"featured_media":0,"parent":0,"menu_order":8,"comment_status":"closed","ping_status":"closed","template":"","meta":{"footnotes":""},"class_list":["post-726","page","type-page","status-publish","hentry"],"_links":{"self":[{"href":"https:\/\/www.mgv-ruetli.de\/index.php?rest_route=\/wp\/v2\/pages\/726","targetHints":{"allow":["GET"]}}],"collection":[{"href":"https:\/\/www.mgv-ruetli.de\/index.php?rest_route=\/wp\/v2\/pages"}],"about":[{"href":"https:\/\/www.mgv-ruetli.de\/index.php?rest_route=\/wp\/v2\/types\/page"}],"author":[{"embeddable":true,"href":"https:\/\/www.mgv-ruetli.de\/index.php?rest_route=\/wp\/v2\/users\/3"}],"replies":[{"embeddable":true,"href":"https:\/\/www.mgv-ruetli.de\/index.php?rest_route=%2Fwp%2Fv2%2Fcomments&post=726"}],"version-history":[{"count":5,"href":"https:\/\/www.mgv-ruetli.de\/index.php?rest_route=\/wp\/v2\/pages\/726\/revisions"}],"predecessor-version":[{"id":768,"href":"https:\/\/www.mgv-ruetli.de\/index.php?rest_route=\/wp\/v2\/pages\/726\/revisions\/768"}],"wp:attachment":[{"href":"https:\/\/www.mgv-ruetli.de\/index.php?rest_route=%2Fwp%2Fv2%2Fmedia&parent=726"}],"curies":[{"name":"wp","href":"https:\/\/api.w.org\/{rel}","templated":true}]}}

Datenschutzerklärung

<p class="wp-block-paragraph"></p>



<p class="wp-block-paragraph"> Der Verein MGV &#8222;Rütli&#8220; Vordersteinenberg nimmt den Schutz personenbezogener Daten seiner Mitglieder und seiner  Partner ernst;  er  hat  durch  technische  und  organisatorische  Maßnahmen sichergestellt,  dass  die  gesetzlichen  Vorschriften  über  den  Datenschutz  sowohl  von ihm  als  auch  von  externen  Dienstleistern  beachtet  und  eingehalten  werden.  Die Beachtung   dieser   Verpflichtung   wird   vom   Verein   regelmäßig   kontrolliert.   Die Erhebung,  Verarbeitung,  Nutzung  und  Weitergabe  von  Daten  erfolgt  zum  einen  mit Einverständnis  des  Dateninhabers,  andererseits  ausschließlich  zum  Zweck  der Erfüllung  der  Pflichten  des  Vereins.  Die  Weitergabe  an  Dritte  erfolgt  nur  aus zwingenden  Gründen  und  im  Interesse  des  Vereins  und  seiner  Mitglieder.  Das betroffene Vereinsmitglied hat jederzeit die Möglichkeit, sich über die Verwendung und den   Verbleib   seiner   geschützten   Daten   zu   informieren;   er   hat   Anspruch   auf Dokumentation  der  Einhaltung  datenschutzrechtlicher  Bestimmungen  in  Bezug  auf ihn.  Er  hat  das  Recht,  jederzeit  eine  erteilte  Einwilligung  zu  widerrufen  und  die Löschung seiner Daten zu verlangen, Art. 17 DS-GVO. </p>



<p class="wp-block-paragraph"> Partner     des     Vereins     und     Dritte     werden     durchdie     Einhaltung     der Datenschutzbestimmungen durch die Verantwortlichen des Vereins in gleicher Weise geschützt.  Es  findet  kein  Verkauf  oder  keine  unentgeltliche  Weitergabe  von  Daten Dritter  oder  Partner  des  Vereins  statt,  es  sei  denn,  es  läge  eine  entsprechende Einwilligung vor oder diese wäre zur Erfüllung des Vereinszwecks oder zur Erfüllung vertraglicher Verpflichtungen des Vereins erforderlich. </p>



<p class="wp-block-paragraph"> Bei  der  Einschaltung  externer  Dienstleister,  denen  personenbezogene  Daten  zur Verfügung  gestellt  werden  müssen,  ist  durch  Abschluss  eines  entsprechenden Vertrages  sichergestellt,  dass  die  Datenschutzbestimmungen  in  gleicher  Weise  wie beim Verein auch vom beauftragten Unternehmen eingehalten werden.  </p>



<p class="wp-block-paragraph">Im  Fall  des  Widerrufs  oder  der  Anzeige  von  falsch  erhobenen  Daten  werden  diese sofort   gelöscht,   Art.   21,   18   DS-GVO.   Auf   das   Beschwerderecht   bei   einer Datenschutzaufsichtsbehörde (Art. 77 DS-GVO i. V. m. § 19 BDSG) wird ausdrücklich hingewiesen.  Für  uns  zuständig  ist  der  Landesbeauftragte für  den Datenschutz  und die Informationsfreiheit Baden-Württemberg, Königstraße 10a, 70173 Stuttgart.  </p>



<p class="wp-block-paragraph">Für  Datenschutz  und  Datenverarbeitung  in  unserem  Verein  verantwortlich: </p>



<p class="wp-block-paragraph">Klaus Hirzel<br>73553 Alfdorf-Greuthof</p>

<p>Der Verein MGV &#8222;Rütli&#8220; Vordersteinenberg nimmt den Schutz personenbezogener Daten seiner Mitglieder und seiner Partner ernst; er hat durch technische und organisatorische Maßnahmen sichergestellt, dass die gesetzlichen Vorschriften über den Datenschutz sowohl von ihm als auch von externen Dienstleistern beachtet und eingehalten werden. Die Beachtung dieser Verpflichtung wird vom Verein regelmäßig kontrolliert. Die Erhebung, Verarbeitung, [&hellip;]</p>
