{"id":30,"date":"2015-02-08T11:56:48","date_gmt":"2015-02-08T11:56:48","guid":{"rendered":"https:\/\/mgvruetli.wordpress.com\/?page_id=17"},"modified":"2026-05-24T18:19:38","modified_gmt":"2026-05-24T16:19:38","slug":"wir-uber-uns","status":"publish","type":"page","link":"https:\/\/www.mgv-ruetli.de\/?page_id=30","title":{"rendered":"\u00dcber uns"},"content":{"rendered":"\n<p class=\"wp-block-paragraph\"><span style=\"font-size: large;\">Unser Verein besteht derzeit aus 79 Mitgliedern, davon 15 Frauen, 14 Ehrenmitglieder und 19 aktiven S\u00e4ngern.<br>\n<\/span><\/p>\n\n\n\n<p class=\"wp-block-paragraph\"><span style=\"font-size: large;\">Unsere Singstunde findet dienstags von 19.30 bis 21.00 Uhr im Rathaus Vordersteinenberg statt.<br><\/span><\/p>\n\n\n\n<p class=\"wp-block-paragraph\"><span style=\"font-size: large;\">Neue S\u00e4nger sind bei uns jederzeit gerne willkommen!<br>\n<\/span><\/p>\n\n\n\n<p class=\"has-text-align-center wp-block-paragraph\"><span style=\"font-size: large;\">&nbsp;<\/span><\/p>\n\n\n\n<figure class=\"wp-block-image size-large is-resized\"><a href=\"https:\/\/www.mgv-ruetli.de\/wp-content\/uploads\/2026\/04\/DSC_6486-scaled.jpg\"><img loading=\"lazy\" decoding=\"async\" width=\"1024\" height=\"683\" src=\"https:\/\/www.mgv-ruetli.de\/wp-content\/uploads\/2026\/04\/DSC_6486-1024x683.jpg\" alt=\"\" class=\"wp-image-1085\" style=\"aspect-ratio:1.4992860651486386;width:420px;height:auto\" srcset=\"https:\/\/www.mgv-ruetli.de\/wp-content\/uploads\/2026\/04\/DSC_6486-1024x683.jpg 1024w, https:\/\/www.mgv-ruetli.de\/wp-content\/uploads\/2026\/04\/DSC_6486-300x200.jpg 300w, https:\/\/www.mgv-ruetli.de\/wp-content\/uploads\/2026\/04\/DSC_6486-768x512.jpg 768w, https:\/\/www.mgv-ruetli.de\/wp-content\/uploads\/2026\/04\/DSC_6486-1536x1024.jpg 1536w, https:\/\/www.mgv-ruetli.de\/wp-content\/uploads\/2026\/04\/DSC_6486-2048x1365.jpg 2048w\" sizes=\"auto, (max-width: 1024px) 100vw, 1024px\" \/><\/a><\/figure>\n\n\n\n<p class=\"wp-block-paragraph\"><\/p>\n\n\n\n<p class=\"has-text-align-center wp-block-paragraph\"><span style=\"font-size: large;\">.<\/span><\/p>\n\n\n\n<h5 class=\"wp-block-heading\">Vorstand und Ausschuss:<\/h5>\n\n\n\n<figure class=\"wp-block-table\"><table class=\"has-fixed-layout\"><tbody><tr><td>Vorst\u00e4nde:<\/td><td>Patrik Strobel, Marco Kneidl, Gerhard Hirzel<\/td><\/tr><tr><td>Schrifttf\u00fchrer:<\/td><td>Thomas Strobel<\/td><\/tr><tr><td>Kassier 1:<\/td><td>Marco Kneidl<\/td><\/tr><tr><td>Kassier 2:<\/td><td>Kurt Lindauer<\/td><\/tr><tr><td>Beisitzer:<\/td><td>Hans Weller, Martin K\u00fchnle, Wolfgang Barei\u00df, Roland Sing<\/td><\/tr><tr><td>Presswarte:<\/td><td>Ulrich Joos, Klaus Hirzel<\/td><\/tr><tr><td>Notenwarte:<\/td><td>Klaus Hirzel, Oliver Plodek<\/td><\/tr><tr><td>Dirigentin:<\/td><td>Kathrin Staiger<\/td><\/tr><\/tbody><\/table><\/figure>\n","protected":false},"excerpt":{"rendered":"<p>Unser Verein besteht derzeit aus 79 Mitgliedern, davon 15 Frauen, 14 Ehrenmitglieder und 19 aktiven S\u00e4ngern. Unsere Singstunde findet dienstags von 19.30 bis 21.00 Uhr im Rathaus Vordersteinenberg statt. Neue S\u00e4nger sind bei uns jederzeit gerne willkommen! &nbsp; . Vorstand und Ausschuss: Vorst\u00e4nde: Patrik Strobel, Marco Kneidl, Gerhard Hirzel Schrifttf\u00fchrer: Thomas Strobel Kassier 1: Marco [&hellip;]<\/p>\n","protected":false},"author":3,"featured_media":0,"parent":0,"menu_order":2,"comment_status":"open","ping_status":"open","template":"","meta":{"footnotes":""},"class_list":["post-30","page","type-page","status-publish","hentry"],"_links":{"self":[{"href":"https:\/\/www.mgv-ruetli.de\/index.php?rest_route=\/wp\/v2\/pages\/30","targetHints":{"allow":["GET"]}}],"collection":[{"href":"https:\/\/www.mgv-ruetli.de\/index.php?rest_route=\/wp\/v2\/pages"}],"about":[{"href":"https:\/\/www.mgv-ruetli.de\/index.php?rest_route=\/wp\/v2\/types\/page"}],"author":[{"embeddable":true,"href":"https:\/\/www.mgv-ruetli.de\/index.php?rest_route=\/wp\/v2\/users\/3"}],"replies":[{"embeddable":true,"href":"https:\/\/www.mgv-ruetli.de\/index.php?rest_route=%2Fwp%2Fv2%2Fcomments&post=30"}],"version-history":[{"count":65,"href":"https:\/\/www.mgv-ruetli.de\/index.php?rest_route=\/wp\/v2\/pages\/30\/revisions"}],"predecessor-version":[{"id":1097,"href":"https:\/\/www.mgv-ruetli.de\/index.php?rest_route=\/wp\/v2\/pages\/30\/revisions\/1097"}],"wp:attachment":[{"href":"https:\/\/www.mgv-ruetli.de\/index.php?rest_route=%2Fwp%2Fv2%2Fmedia&parent=30"}],"curies":[{"name":"wp","href":"https:\/\/api.w.org\/{rel}","templated":true}]}}

Über uns

<p class="wp-block-paragraph"><span style="font-size: large;">Unser Verein besteht derzeit aus 79 Mitgliedern, davon 15 Frauen, 14 Ehrenmitglieder und 19 aktiven Sängern.<br>
</span></p>



<p class="wp-block-paragraph"><span style="font-size: large;">Unsere Singstunde findet dienstags von 19.30 bis 21.00 Uhr im Rathaus Vordersteinenberg statt.<br></span></p>



<p class="wp-block-paragraph"><span style="font-size: large;">Neue Sänger sind bei uns jederzeit gerne willkommen!<br>
</span></p>



<p class="has-text-align-center wp-block-paragraph"><span style="font-size: large;">&nbsp;</span></p>



<figure class="wp-block-image size-large is-resized"><a href="https://www.mgv-ruetli.de/wp-content/uploads/2026/04/DSC_6486-scaled.jpg"><img loading="lazy" decoding="async" width="1024" height="683" src="https://www.mgv-ruetli.de/wp-content/uploads/2026/04/DSC_6486-1024x683.jpg" alt="" class="wp-image-1085" style="aspect-ratio:1.4992860651486386;width:420px;height:auto" srcset="https://www.mgv-ruetli.de/wp-content/uploads/2026/04/DSC_6486-1024x683.jpg 1024w, https://www.mgv-ruetli.de/wp-content/uploads/2026/04/DSC_6486-300x200.jpg 300w, https://www.mgv-ruetli.de/wp-content/uploads/2026/04/DSC_6486-768x512.jpg 768w, https://www.mgv-ruetli.de/wp-content/uploads/2026/04/DSC_6486-1536x1024.jpg 1536w, https://www.mgv-ruetli.de/wp-content/uploads/2026/04/DSC_6486-2048x1365.jpg 2048w" sizes="auto, (max-width: 1024px) 100vw, 1024px" /></a></figure>



<p class="wp-block-paragraph"></p>



<p class="has-text-align-center wp-block-paragraph"><span style="font-size: large;">.</span></p>



<h5 class="wp-block-heading">Vorstand und Ausschuss:</h5>



<figure class="wp-block-table"><table class="has-fixed-layout"><tbody><tr><td>Vorstände:</td><td>Patrik Strobel, Marco Kneidl, Gerhard Hirzel</td></tr><tr><td>Schrifttführer:</td><td>Thomas Strobel</td></tr><tr><td>Kassier 1:</td><td>Marco Kneidl</td></tr><tr><td>Kassier 2:</td><td>Kurt Lindauer</td></tr><tr><td>Beisitzer:</td><td>Hans Weller, Martin Kühnle, Wolfgang Bareiß, Roland Sing</td></tr><tr><td>Presswarte:</td><td>Ulrich Joos, Klaus Hirzel</td></tr><tr><td>Notenwarte:</td><td>Klaus Hirzel, Oliver Plodek</td></tr><tr><td>Dirigentin:</td><td>Kathrin Staiger</td></tr></tbody></table></figure>

<p>Unser Verein besteht derzeit aus 79 Mitgliedern, davon 15 Frauen, 14 Ehrenmitglieder und 19 aktiven Sängern. Unsere Singstunde findet dienstags von 19.30 bis 21.00 Uhr im Rathaus Vordersteinenberg statt. Neue Sänger sind bei uns jederzeit gerne willkommen! &nbsp; . Vorstand und Ausschuss: Vorstände: Patrik Strobel, Marco Kneidl, Gerhard Hirzel Schrifttführer: Thomas Strobel Kassier 1: Marco [&hellip;]</p>
